) + -155 + 178?
6
What is the value of (2 - 5) + 181 + -174 - (-1 + 33)?
-28
-24 + 7 - (0 + 7 + -12)
-12
Evaluate -6 + 8 + -6 + 4 + 7.
7
What is -3 + 0 - (47 - 37 - 17)?
4
Calculate -1 - ((7 + -2 - 2) + (63 - 61)).
-6
-12 + 5 - (16 + 3 + -41)
15
Calculate 83 + (-122 - -42) + 1 + -1.
3
Evaluate 1 - -3 - ((7 - 2) + 3).
-4
What is the value of -1 - (28 + -28 + -5 + (-2 - -1))?
5
(1 + 1 - 8) + 37 + -1 + -38
-8
What is -2 + 10 + -1 + 29 + -12 + 0?
24
Calculate -2 + 33 + -20 - (16 + -2).
-3
Evaluate (11 - 1) + (-22 - -22 - (-2 - -22)).
-10
Evaluate (5 - -3 - 24) + 10.
-6
(4 - -7) + -26 - (-2 - (4 - 1))
-10
What is 22 + -25 + -21 + 41?
17
Calculate 3 + (-8 + 9 - -11) + -7 - 13.
-5
Evaluate -2 + 7 + 0 + 25 + -8 + -2.
20
What is the value of 272 + -297 + (1 - -9)?
-15
What is the value of -10 + 1 + (-7 - -6) + 3 + 0?
-7
What is the value of 0 + -7 - (23 + -26 - (18 + -2))?
12
Calculate -22 + -25 + 41 - (-2 - (-6 - 4)).
-14
What is -2 + -1 + (-13 - (-35 - -12))?
7
341 + -347 - (1 + 5) - 4
-16
128 + -103 - (29 + 0)
-4
Calculate -2 - (24 + -4 - 19).
-3
What is the value of (19 - 3) + -125 + 116?
7
Evaluate -9 + 0 + 14 + -9 + -31 + 17.
-18
What is 6 + -8 + 18 - 4 - -4?
16
Calculate 2 - (28 + -5 + 19 + -6).
-34
Calculate -14 + -2 + (-1 - (1 + -5)) + -9.
-22
Evaluate (3 - 6 - -13) + 0 + -23.
-13
What is the value of 32 + -32 - (1 - -2 - 2 - -10)?
-11
What is the value of 13 + (-2 + -4 - -4 - 3) + 6?
14
Calculate -7 - (1 + -6 + -2 + 3).
-3
What is -3 + 0 - 0 - (-1 - (9 - 16))?
-9
Evaluate 18 + (18 - (13 - -5 - -3)).
15
Calculate (15 - (5 + 12)) + (-2 + 2 - 10).
-12
3 - (-7 - -5) - 8 - 0
-3
12 - (12 - (-10 + 21))
11
Calculate 7 + (-16 + 20 - (2 - 4)).
13
What is the value of 9 + 1 - (9 + (-25 - -15))?
11
Calculate 15 - 12 - ((-2 - -3) + -3) - 2.
3
Calculate -16 - -52 - 9 - 12.
15
Calculate (-13 - (-34 + 12)) + 2.
11
Evaluate -16 - (7 - 11) - -17.
5
Calculate -4 + (10 - (4 - 0)) - (-2 + -10).
14
Calculate 1 + -10 - (-8 - 5) - -14.
18
(-5 - (-7 + 2)) + -5 + 21
16
What is -19 - 1 - (-236 + 254 + (-11 - 2))?
-25
Calculate 24 - (-7 + 33) - (0 + (-6 - 1)).
5
Calculate -10 - 1 - (50 - 34).
-27
What is the value of 25 + (131 + -139 - (0 - 5))?
22
What is the value of -89 + 99 - (-9 + 2 + -4)?
21
What is the value of -10 + 1 - (-36 + 21 + -4)?
10
Evaluate 5 + 0 + 44 + -61.
-12
What is the value of 11 + -23 + -1 + (-15 - -39)?
11
86 + -79 + (6 - 5)
8
25 - (38 - 74 - -76)
-15
Evaluate (-11 - -8 - 5) + (-1 - 6).
-15
Evaluate (-2 - 16 - (-62 - -53)) + -3 + 12.
0
Evaluate (-8 + 9 - -9) + 11 - 13.
8
Calculate (-4 - -8) + 34 + 21 + -38.
21
What is the value of -8 - -12 - 9 - (-2 + 2)?
-5
What is 6 - (0 + 17 + -3)?
-8
Calculate (29 + -56 - -6) + 4.
-17
Calculate -7 + 12 + (-24 - 2 - -4).
-17
Evaluate -7 - ((5 - -5) + -30 - (3 + -8)).
8
What is the value of (-1 - -1) + -23 + (-221 - -226)?
-18
(17 - 5 - -13) + -11 + 11
25
Evaluate -13 + (-7 - -19) + -12.
-13
What is the value of (-2 - 1) + (4 - 0) + 8 + 0?
9
Calculate -1 + 10 - (-14 + 36 + -11).
-2
Evaluate -5 + (5 + 2 + -17 - (-25 - -3)).
7
What is the value of (0 + (-2 - 6) - -11) + -10?
-7
Calculate -14 + (-15 - -14) + 11.
-4
Calculate 6 + -10 - (-3 - 9).
8
Evaluate -11 + 19 + -19 + 9 + 24.
22
Calculate 1 + -2 - (60 - 45).
-16
What is -4 - 0 - (-65 + 63)?
-2
Calculate 24 + (34 - 80) - (-1 + -1 - 7).
-13
Evaluate -42 + 54 - (-13 + 17).
8
What is the value of 0 - -6 - (25 - 24) - -4?
9
What is -9 + 0 - (-19 + -5 + -12 + 28)?
-1
What is the value of 8 + 2 - (-5 + (10 - -13) - 5)?
-3
(1 - 1) + -3 + (150 - 118) - 11
18
Evaluate 17 + (-14 - -2) + 7 - -5.
17
What is the value of 48 + -19 + -5 + -10?
14
What is (-6 + 2 + 5 - -9) + -12?
-2
Evaluate (-5 - -1) + (1 + 4 - 9) + -2.
-10
Calculate -15 - 1 - -33 - 10.
7
What is -8 + (-8 - -11) - (-1 + (-6 - 5))?
7
What is the value of -1 + -17 - (-6 + (29 - 18))?
-23
What is the value of 7 - (19 - (-5 + 10 + -1))?
-8
Calculate 10 + -27 - ((7 - (0 + 5)) + -9).
-10
Evaluate 2 + -1 + (16 - 1) + -98 + 97.
15
135 + -132 + (1 - 10)
-6
Calculate 42 + -6 - (-2 - -24).
14
What is the value of (4 - 0) + (5 - (-2 - (0 + -4)))?
7
Evaluate 27 - 22 - -3 - -6.
14
Calculate -11 - (19 + 2 + -7 + (-55 - -60)).
-30
What is 75 + (-160 - -105) + -1 + -6 + 1?
14
6 + 4 + -13 + 8 - (1 - -1)
3
(-4 - -2) + (9 - 7 - 4) + 23
19
What is 0 + (-19 - -7) + -3 - -5?
-10
-19 + (-28 - -2) + 23 + 7 + 0
-15
What is the value of (19 - (4 - -20)) + 8 + 2 + 7?
12
What is the value of -3 + 14 + (-14 - -1) + 5?
3
Evaluate 1 + -5 + 1 + -267 + 248.
-22
4 + -13 - -3 - 1
-7
What is the value of -3 - (34 + -10 - 22)?
-5
Evaluate (3 - 1) + (-5 - ((-6 - -4) + -2)).
1
What is 115 - 139 - (5 - (15 + 3))?
-11
What is -143 + 159 + 4 + (8 - 5)?
23
Calculate -1 + 3 + (-9 - (-21 - -4)).
10
What is -28 + 37 + -23 + -17?
-31
0 - (0 + -25) - (1165 + -1158)
18
What is the value of (-3 - -2) + 20 - (43 + (-20 - 25))?
21
Evaluate (-4 - 2) + 1 - 7.
-12
Evaluate 0 + -10 + -2 - ((-2 - 3) + -1).
-6
What is -30 + (1 + 0 - (0 + -7 - 2))?
-20
Calculate (-42 - 25 - -53) + (0 - -36).
22
What is the value of (6 - -1) + -1 + 2 + -11?
-3
What is (-248 - -258) + -1 + -16?
-7
What is the value of 5 + (-46 - 6 - -22 - (8 - 1))?
-32
-7 - 0 - (-13 - (-9 - -12) - 7)
16
What is the value of -6 + (-1 + -9 - -1 - -28)?
13
15 + 6 + -14 + -1
6
27 + -9 + (-38 - -5)
-15
What is the value of 6 - (-2 - -37) - (48 - 58)?
-19
2 - (-4 - 3 - (-2 + -4)) - -6
9
Calculate 10 + -14 + -6 - (1 - 13).
2
Evaluate 37 - 30 - (4 + 19 + -9).
-7
(0 + (-9 - (-1 + -4)) - -6) + -3
-1
What is the value of (-8 - -3) + 6 + -5 + -2 + 3?
-3
Calculate -5 - (-9 + -13 + 1) - -4.
20
What is the value of -7 + -18 + (-10 - -37)?
2
What is -19 + (1 + (-1 - 4) - -1) + 6?
-16
-9 - 0 - (-983 - -958)
16
7 + (4 - 11) - (15 + 0 + -2)
-13
Evaluate 12 + 3 + -9 + (-6 - 2).
-2
What is the value of (-94 - -103) + (-8 - -1) + 8 + -2?
8
17 + (-10 + 27 - 17)
17
Calculate 23 + -15 + (-5 - (-31 - -11)).
23
Evaluate -19 + 23 + -5 + -1.
-2
What is (-10 - (0 + -2)) + 46 + -27?
11
Evaluate 25 + (5 - (12 + -19)) + (-5 - -5).
37
What is the value of 5 + 1 + (9 + -28 - -16)?
3
What is the value of 6 - (1 + (-4 - -7) - 6)?
8
20 - 1 - ((18 - 25 - 9) + 11)
24
Evaluate (1 - 6) + -240 + 239.
-6
Calculate (5 - (-1 - -5)) + 5 + 10 + -43.
-27
What is the value of -28 + -22 - -49 - (-19 - -1)?
17
What is (2 - 1) + 492 + -461?
32
Evaluate 10 - (2 - -8 - (6 + 8)).
14
Evaluate -73 - -72 - (-29 + 10 - (0 - 1)).
17
17 + 15 + 2 + -18 + -3
13
What is the value of 22 + -40 + (-2 - (-21 + 10))?
-9
(-22 - -18 - (-7 + 1)) + -17
-15
What is the value of 5 + (-4 - (-1 - 1)) + 0 + -3?
0
Calculate 11 - (35 + 0 - (48 + -44)).
-20
4 - (-6 - (6 - 9)) - (1 + 0)
6
What is 13 - (16 + 4) - (2 + -17)?
8
Evaluate 15 + (0 - ((-1 - -3) + -5)) + -6.
12
13 + (18 - 12) - 28
-9
23 + -4 + -15 - 6
-2
What is 3 + -44 + (181 - 148)?
-8
What is the value of 20 + -38 + (-4 - -3)?
-19
What is the value of 9 + (13 - 29 - 17)?
-24
Evaluate 1 - ((8 - 3) + -7 - 1) - -5.
9
What is 9 - ((9 - -25) + 7 + -2)?
-30
(8 + -16 - -5) + -13 + 34
18
What is -14 + (-12 + 3 - -15)?
-8
Evaluate (20 + 24 - 8) + 2.
38
What is the value of 28 + (-26 - (3 - 13))?
12
What is the value of 12 + -9 + -12 - -12?
3
What is -7 + (-8 + 5 - 2) + (10 - 9)?
-11
What is (-78 + 48 - -17) + 39 + 1?
27
What is the value of (-21 - -15) + 3 - 1 - (0 + -3)?
-1
What is -12 + -5 + 12 + -9 + 33?
19
-6 + 16 - (-22 - -21)
11
Calculate (1 - -12) + (89 - 79) + 4.
27
Calculate (13 + -22 + 23 - -16) + -5.
25
What is the value of 1 - (-3 + -6 + 2 - (-22 + 13))?
-1
Calculate 4 + -1 - (-100 - -107).
-4
4 + (-6 - (1 + -3)) + 3
3
What is the value of 16 + -2 + 409 + -423?
0
Calculate -6 + 2 + 29 - 11.
14
(-1 - -2) + (-64 - -54)
-9
(-13 - -2) + ((7 - -4) + -19 - -1)
-18
Calculate 0 + (5 + -5 + 5 - 6 - 3).
-4
Calculate -3 - (16 + -15) - 9.
-13
Evaluate 3 + (-108 - -118) + (-14 - 1).
-2
What is the value of 10 - 4 - (0 + 20)?
-14
959 + -963 - (-1 + -2)
-1
-36 - (37 + -17 + -42)
-14
What is (1 - 30) + 287 + -262?
-4
What is the value of -14 + (7 + (-5 - 0) - (4 - -4))?
-20
What is the value of 16 - (-4 + 4) - (7 - 14 - -13)?
10
Calculate -4 - 0 - -1 - (-20 + 39 + -58).
36
What is the value of (-103 - -89) + -7 + (5 - 1) + 0?
-17
What is 9 - (7 - (-7 - -14))?
9
What is (1 - (7 + 4 + -7 - 3)) + 21?
21
What is -14 + 7 + -2 - -2 - 6?